Convert 11000000110101000101 (base 2) to base 12.
3210b1
What is -134024433 (base 5) in base 10?
-689368
Convert 813614 (base 9) to base 2.
1110101100101100111
What is 1304505 (base 10) in base 16?
13e7b9
-454072 (base 10) to base 7
-3600553
What is -561206 (base 8) in base 5?
-22022222
Convert -15712050 (base 8) to base 13.
-9a6b93
-1b10 (base 16) to base 9
-10447
What is 100d0 (base 15) in base 5?
3111240
Convert -14ca10c (base 13) to base 3.
-110120012221021
What is -1102221111012 (base 3) in base 14?
-15d4c7
What is -11145 (base 11) in base 4?
-3330032
-123300440 (base 5) to base 7
-5061506
33310133 (base 4) to base 15
142ee
Convert 5435782 (base 9) to base 2.
1011001000001111111010
135605 (base 8) to base 13
18b09
-311365 (base 7) to base 10
-53359
671875 (base 10) to base 15
d411a
What is c80e (base 15) in base 8?
122512
101101010000111011000 (base 2) to base 11
923406
What is 4c976 (base 14) in base 8?
560054
-35ed55 (base 15) to base 14
-4b2ad3
4da54 (base 16) to base 8
1155124
What is -3ea5b9 (base 15) in base 3?
-12200112022010
-a3108 (base 12) to base 3
-101210202122
1001110111010100001000 (base 2) to base 4
21313110020
What is -4a936 (base 11) in base 12?
-362b6
-2303302123 (base 4) to base 10
-736411
What is -235751 (base 11) in base 7?
-3114110
-153260200 (base 7) to base 16
-9cea3d
What is -4aa306 (base 12) in base 2?
-100101001111100110110
Convert 413663 (base 8) to base 4.
201132303
1ec3e4 (base 15) to base 10
1509514
5e8075 (base 16) to base 11
3550105
What is 20404220 (base 5) in base 3?
22121020202
Convert -89511 (base 10) to base 6.
-1530223
Convert -131134002 (base 6) to base 14.
-4b1a26
Convert 5646024 (base 7) to base 4.
2223011133
What is -1aba016 (base 12) in base 3?
-101202120221200
What is -82696 (base 11) in base 14?
-31d5b
-2030321313 (base 4) to base 6
-20211543
-2157150 (base 8) to base 6
-20242504
1704694 (base 10) to base 8
6401366
1853d07 (base 14) to base 8
55721663
Convert 22bb0 (base 14) to base 5.
10202010
107764 (base 10) to base 11
73a68
1075a6a (base 12) to base 15
420b4d
-15127051 (base 9) to base 10
-7517494
-2850560 (base 9) to base 10
-1568538
2490741 (base 10) to base 16
260175
-1302300 (base 6) to base 15
-15d69
-1ec67e (base 16) to base 7
-23100105
Convert -100011010011 (base 3) to base 13.
-63cc7
What is -115876 (base 16) in base 10?
-1136758
24274 (base 10) to base 11
17268
What is 11011010111111111101000 (base 2) in base 9?
14446760
What is 241434114 (base 5) in base 9?
2103204
-12012012112 (base 3) to base 16
-18f41
What is -45662777 (base 8) in base 3?
-200200002111020
Convert 254606 (base 8) to base 4.
111212012
Convert 404614 (base 7) to base 6.
1251001
What is -8551307 (base 11) in base 10?
-15052649
Convert -75267 (base 8) to base 5.
-2001130
What is -10330202022 (base 4) in base 11?
-806107
-337000 (base 8) to base 13
-3cc7a
Convert 1a0cd (base 16) to base 4.
122003031
What is -1a3a42 (base 13) in base 16?
-a2696
What is -5410166 (base 9) in base 3?
-12110100012020
What is 51132143 (base 6) in base 15?
1dc230
92cde (base 15) to base 2
1110001100110000100
What is 144642 (base 9) in base 12?
43425
Convert -1061362 (base 7) to base 14.
-36469
Convert -12101111000022 (base 3) to base 5.
-1213113040
What is -4224231 (base 5) in base 3?
-10120210120
Convert 401301124 (base 5) to base 11.
994921
-1002211222112 (base 3) to base 12
-244035
132455044 (base 7) to base 9
17073657
1010111101101100010 (base 2) to base 16
57b62
Convert 762657 (base 8) to base 7.
2112425
Convert -1277774 (base 10) to base 12.
-517552
Convert -89665 (base 12) to base 9.
-307155
-1736157 (base 8) to base 4
-1323301233
41312 (base 13) to base 5
12220323
What is -143702 (base 8) in base 2?
-1100011111000010
What is -780a97 (base 11) in base 9?
-2307823
Convert 202224210 (base 5) to base 11.
51054a
Convert -1110001010100110100000 (base 2) to base 9.
-6878784
Convert 1001111010011010101 (base 2) to base 14.
86537
246356 (base 7) to base 3
2022100212
Convert 203230331 (base 4) to base 2.
100011101100111101
What is 1101001022002 (base 3) in base 9?
1331262
160a03 (base 16) to base 8
5405003
b5ff9 (base 16) to base 4
2311333321
Convert -1301203140 (base 5) to base 12.
-1079427
What is -160014 (base 7) in base 5?
-1444344
What is 18e76a (base 16) in base 9?
3056741
-15bb37 (base 14) to base 10
-762293
Convert -21010001002 (base 3) to base 13.
-4b950
-57486 (base 14) to base 12
-a2966
-140113243 (base 7) to base 16
-8a8a2b
-30003003 (base 5) to base 13
-82b0c
2458178 (base 12) to base 4
123001233230
33479 (base 10) to base 12
1745b
Convert 1001111103 (base 5) to base 7.
22524114
Convert -11010 (base 11) to base 15.
-4b08
What is -22313110121 (base 4) in base 13?
-78942b
Convert -170965 (base 12) to base 5.
-100122412
Convert 249416 (base 12) to base 10.
596754
What is -13210212 (base 5) in base 9?
-220871
Convert -133000011130 (base 4) to base 8.
-37000534
Convert -476542 (base 8) to base 5.
-20210140
Convert 15891b3 (base 13) to base 8.
32342612
What is -110555354 (base 6) in base 16?
-1e9c76
What is -14c515 (base 14) in base 11?
-456019
Convert -124511312 (base 6) to base 14.
-482cb2
Convert 440014033 (base 5) to base 3.
10112022120210
What is -6c5b6 (base 15) in base 3?
-122120000000
-6846b34 (base 12) to base 7
-332003254
Convert -5f371 (base 16) to base 4.
-1133031301
-3928070 (base 10) to base 4
-32333000012
1001001000001011 (base 2) to base 15
b127
Convert 11100001011100010 (base 2) to base 8.
341342
Convert 9aaa6 (base 12) to base 7.
1514016
-231321032 (base 4) to base 3
-100112212022
-230303122 (base 4) to base 5
-21333024
-43351 (base 11) to base 16
-f600
What is 2033224302 (base 5) in base 11?
2406221
-2002140 (base 5) to base 13
-11487
2242080 (base 9) to base 4
10213012302
Convert 167fe (base 16) to base 6.
1550354
2322753 (base 11) to base 15
552a84
Convert 1120000113 (base 4) to base 10.
360471
Convert -14a615 (base 15) to base 6.
-33211415
-121110123 (base 5) to base 2
-10001010010000010000
What is -1001101010111100110111 (base 2) in base 5?
-1122111343
What is -2032431120 (base 5) in base 4?
-33332010222
20121021221021 (base 3) to base 13
95b459
Convert -240353413 (base 6) to base 16.
-44cf91
Convert -a4697 (base 14) to base 5.
-100141240
What is 295243 (base 11) in base 14?
bdd15
Convert -3061345 (base 7) to base 6.
-11515044
What is 6600510 (base 7) in base 11?
501336
110221110210 (base 3) to base 7
2110521
What is 2120924 (base 10) in base 9?
3882322
Convert 1177304 (base 15) to base 13.
2798827
Convert -2775712 (base 8) to base 15.
-107a6e
What is -13306235 (base 7) in base 12?
-4b3345
Convert -453211 (base 6) to base 5.
-2211221
3101441420 (base 5) to base 8
27753234
What is -42223251 (base 6) in base 4?
-10230301033
39ce9 (base 16) to base 11
151992
-5303402 (base 6) to base 7
-2121305
-44a290 (base 11) to base 4
-2232322003
85633 (base 14) to base 7
2511363
10110332020 (base 4) to base 7
12433333
What is 10a4c (base 13) in base 14?
b095
702449 (base 11) to base 16
11403c
What is 3a0073 (base 14) in base 11?
1144a21
What is -1223242 (base 8) in base 15?
-6a04a
-5d89 (base 15) to base 2
-100110111011001
Convert -10112212112 (base 3) to base 15.
-15a95
Convert -100011122021201 (base 3) to base 14.
-90c4c6
What is -31533421 (base 6) in base 4?
-3203003311
What is d104db (base 15) in base 7?
150230540
What is -20211012021 (base 3) in base 16?
-20c86
-32223012110 (base 4) to base 13
-a48a84
173732 (base 9) to base 3
12110211002
What is -24caca (base 15) in base 7?
-20665261
What is 101224322 (base 5) in base 9?
701324
-101723 (base 8) to base 7
-200250
What is 21020202122 (base 3) in base 2?
100010110101111000
Convert 195ebe (base 15) to base 11.
774033
What is -10110110011101001 (base 2) in base 5?
-10442132
28853 (base 13) to base 15
17848
Convert -13639615 (base 10) to base 8.
-64017677
-942909 (base 15) to base 16
-6b821b
Convert 10011011011100010100100 (base 2) to base 4.
103123202210
10d08 (base 15) to base 9
81418
-22130033 (base 4) to base 15
-ca12
What is -47971 (base 14) in base 4?
-222222033
Convert -123140122 (base 5) to base 14.
-118632
42211141 (base 5) to base 12
14b010
Convert -1c83 (base 15) to base 7.
-24033
-122203232102 (base 4) to base 13
-1599b87
-1210001120001 (base 3) to base 10
-94